{"id":116,"date":"2023-01-07T19:57:08","date_gmt":"2023-01-07T18:57:08","guid":{"rendered":"https:\/\/www.lalinda-kosmetik.de\/?page_id=116"},"modified":"2026-03-16T10:27:45","modified_gmt":"2026-03-16T09:27:45","slug":"wimpernlifting","status":"publish","type":"page","link":"https:\/\/www.lalinda-kosmetik.de\/index.php\/wimpernlifting\/","title":{"rendered":"Wimpernlifting"},"content":{"rendered":"\n<p>Ein traumhafter Schwung hebt die Wimpern an und l\u00e4sst sie viel l\u00e4nger wirken: Mit dem Wimpernlifting&nbsp;bleiben die Wimpern mit nur einer Behandlung f\u00fcr 6 &#8211; 8 Wochen in Form. Eine Wimpernzange oder m\u00fchsames Hochtuschen der Wimpern ist nicht mehr n\u00f6tig!<\/p>\n\n\n\n<p>Ob die Wimpern steil nach oben&nbsp;oder&nbsp;eher sanft nat\u00fcrlich&nbsp;angehoben werden sollen, bestimmt die Gr\u00f6\u00dfe der PADS. <\/p>\n\n\n\n<p>Durch ein Wimpernlifting erhalten Sie<strong>&nbsp;<\/strong>ein fantastisches Ergebnis, das Ihnen viele Wochen Freude bereiten wird!<\/p>\n\n\n\n<p><strong><em>Wimpernlifting inkl. f\u00e4rben und Laminierung 48,- \u20ac<\/em><\/strong><\/p>\n\n\n\n<p>Das&nbsp;LAMINATION FLUID<strong>&nbsp;<\/strong>unterst\u00fctzt zus\u00e4tzlich den&nbsp;Strukturaufbau der Wimpern nach einer Behandlung und sorgt f\u00fcr kr\u00e4ftige, gl\u00e4nzende Wimpern mit&nbsp;dem&nbsp;KERATINBOOSTER<strong>,&nbsp;<\/strong>einem Highend-Fluid mit wertvollsten Wirkstoffen.<\/p>\n\n\n\n<p><\/p>\n\n\n\n<p><strong><em>Wimpern f\u00e4rben<\/em><\/strong> <strong><em>15,- \u20ac<\/em><\/strong><\/p>\n\n\n\n<p><strong><em>Augenbrauen f\u00e4rben<\/em><\/strong> <strong><em>10,- \u20ac<\/em><\/strong><\/p>\n\n\n\n<p><strong><em>Augenbrauen zupfen<\/em><\/strong> <strong><em>10,- \u20ac<\/em><\/strong><\/p>\n\n\n\n<p><strong><em>Augenbrauenlifting inkl. f\u00e4rben<\/em><\/strong> <strong><em>33,- \u20ac<\/em><\/strong><\/p>\n\n\n\n<figure class=\"wp-block-gallery has-nested-images columns-default is-cropped wp-block-gallery-1 is-layout-flex wp-block-gallery-is-layout-flex\">\n<figure class=\"wp-block-image size-large is-style-default\"><img loading=\"lazy\" decoding=\"async\" width=\"882\" height=\"1023\" data-id=\"194\" src=\"https:\/\/www.lalinda-kosmetik.de\/wp-content\/uploads\/2023\/01\/20210409_174428.jpg\" alt=\"\" class=\"wp-image-194\" srcset=\"https:\/\/www.lalinda-kosmetik.de\/wp-content\/uploads\/2023\/01\/20210409_174428.jpg 882w, https:\/\/www.lalinda-kosmetik.de\/wp-content\/uploads\/2023\/01\/20210409_174428-259x300.jpg 259w, https:\/\/www.lalinda-kosmetik.de\/wp-content\/uploads\/2023\/01\/20210409_174428-768x891.jpg 768w\" sizes=\"auto, (max-width: 882px) 100vw, 882px\" \/><\/figure>\n\n\n\n<figure class=\"wp-block-image size-large is-style-default\"><img loading=\"lazy\" decoding=\"async\" width=\"851\" height=\"965\" data-id=\"195\" src=\"https:\/\/www.lalinda-kosmetik.de\/wp-content\/uploads\/2023\/01\/20210409_174436.jpg\" alt=\"\" class=\"wp-image-195\" srcset=\"https:\/\/www.lalinda-kosmetik.de\/wp-content\/uploads\/2023\/01\/20210409_174436.jpg 851w, https:\/\/www.lalinda-kosmetik.de\/wp-content\/uploads\/2023\/01\/20210409_174436-265x300.jpg 265w, https:\/\/www.lalinda-kosmetik.de\/wp-content\/uploads\/2023\/01\/20210409_174436-768x871.jpg 768w\" sizes=\"auto, (max-width: 851px) 100vw, 851px\" \/><\/figure>\n\n\n\n<figure class=\"wp-block-image size-large is-style-default\"><img loading=\"lazy\" decoding=\"async\" width=\"793\" height=\"1024\" data-id=\"192\" src=\"https:\/\/www.lalinda-kosmetik.de\/wp-content\/uploads\/2023\/01\/20200910_211328_2.jpg\" alt=\"\" class=\"wp-image-192\" srcset=\"https:\/\/www.lalinda-kosmetik.de\/wp-content\/uploads\/2023\/01\/20200910_211328_2.jpg 793w, https:\/\/www.lalinda-kosmetik.de\/wp-content\/uploads\/2023\/01\/20200910_211328_2-232x300.jpg 232w, https:\/\/www.lalinda-kosmetik.de\/wp-content\/uploads\/2023\/01\/20200910_211328_2-768x992.jpg 768w\" sizes=\"auto, (max-width: 793px) 100vw, 793px\" \/><\/figure>\n\n\n\n<figure class=\"wp-block-image size-large is-style-default\"><img loading=\"lazy\" decoding=\"async\" width=\"981\" height=\"1024\" data-id=\"187\" src=\"https:\/\/www.lalinda-kosmetik.de\/wp-content\/uploads\/2023\/01\/20191031_135515.jpg\" alt=\"\" class=\"wp-image-187\" srcset=\"https:\/\/www.lalinda-kosmetik.de\/wp-content\/uploads\/2023\/01\/20191031_135515.jpg 981w, https:\/\/www.lalinda-kosmetik.de\/wp-content\/uploads\/2023\/01\/20191031_135515-287x300.jpg 287w, https:\/\/www.lalinda-kosmetik.de\/wp-content\/uploads\/2023\/01\/20191031_135515-768x802.jpg 768w\" sizes=\"auto, (max-width: 981px) 100vw, 981px\" \/><\/figure>\n\n\n\n<figure class=\"wp-block-image size-large is-style-default\"><img loading=\"lazy\" decoding=\"async\" width=\"894\" height=\"1024\" data-id=\"188\" src=\"https:\/\/www.lalinda-kosmetik.de\/wp-content\/uploads\/2023\/01\/20191219_135214.jpg\" alt=\"\" class=\"wp-image-188\" srcset=\"https:\/\/www.lalinda-kosmetik.de\/wp-content\/uploads\/2023\/01\/20191219_135214.jpg 894w, https:\/\/www.lalinda-kosmetik.de\/wp-content\/uploads\/2023\/01\/20191219_135214-262x300.jpg 262w, https:\/\/www.lalinda-kosmetik.de\/wp-content\/uploads\/2023\/01\/20191219_135214-768x880.jpg 768w\" sizes=\"auto, (max-width: 894px) 100vw, 894px\" \/><\/figure>\n\n\n\n<figure class=\"wp-block-image size-large is-style-default\"><img loading=\"lazy\" decoding=\"async\" width=\"849\" height=\"1024\" data-id=\"185\" src=\"https:\/\/www.lalinda-kosmetik.de\/wp-content\/uploads\/2023\/01\/20191012_133727.jpg\" alt=\"\" class=\"wp-image-185\" srcset=\"https:\/\/www.lalinda-kosmetik.de\/wp-content\/uploads\/2023\/01\/20191012_133727.jpg 849w, https:\/\/www.lalinda-kosmetik.de\/wp-content\/uploads\/2023\/01\/20191012_133727-249x300.jpg 249w, https:\/\/www.lalinda-kosmetik.de\/wp-content\/uploads\/2023\/01\/20191012_133727-768x926.jpg 768w\" sizes=\"auto, (max-width: 849px) 100vw, 849px\" \/><\/figure>\n\n\n\n<figure class=\"wp-block-image size-large is-style-default\"><img loading=\"lazy\" decoding=\"async\" width=\"1024\" height=\"805\" data-id=\"186\" src=\"https:\/\/www.lalinda-kosmetik.de\/wp-content\/uploads\/2023\/01\/20191030_115744-1024x805.jpg\" alt=\"\" class=\"wp-image-186\" srcset=\"https:\/\/www.lalinda-kosmetik.de\/wp-content\/uploads\/2023\/01\/20191030_115744-1024x805.jpg 1024w, https:\/\/www.lalinda-kosmetik.de\/wp-content\/uploads\/2023\/01\/20191030_115744-300x236.jpg 300w, https:\/\/www.lalinda-kosmetik.de\/wp-content\/uploads\/2023\/01\/20191030_115744-768x603.jpg 768w, https:\/\/www.lalinda-kosmetik.de\/wp-content\/uploads\/2023\/01\/20191030_115744.jpg 1302w\" sizes=\"auto, (max-width: 1024px) 100vw, 1024px\" \/><\/figure>\n\n\n\n<figure class=\"wp-block-image size-medium is-style-default\"><img loading=\"lazy\" decoding=\"async\" width=\"300\" height=\"279\" data-id=\"190\" src=\"https:\/\/www.lalinda-kosmetik.de\/wp-content\/uploads\/2023\/01\/20200405_201850-300x279.jpg\" alt=\"\" class=\"wp-image-190\" srcset=\"https:\/\/www.lalinda-kosmetik.de\/wp-content\/uploads\/2023\/01\/20200405_201850-300x279.jpg 300w, https:\/\/www.lalinda-kosmetik.de\/wp-content\/uploads\/2023\/01\/20200405_201850-1024x953.jpg 1024w, https:\/\/www.lalinda-kosmetik.de\/wp-content\/uploads\/2023\/01\/20200405_201850-768x715.jpg 768w, https:\/\/www.lalinda-kosmetik.de\/wp-content\/uploads\/2023\/01\/20200405_201850.jpg 1100w\" sizes=\"auto, (max-width: 300px) 100vw, 300px\" \/><\/figure>\n\n\n\n<figure class=\"wp-block-image size-full is-style-default\"><img loading=\"lazy\" decoding=\"async\" width=\"1376\" height=\"1024\" data-id=\"191\" src=\"https:\/\/www.lalinda-kosmetik.de\/wp-content\/uploads\/2023\/01\/20200910_211319_2.jpg\" alt=\"\" class=\"wp-image-191\" srcset=\"https:\/\/www.lalinda-kosmetik.de\/wp-content\/uploads\/2023\/01\/20200910_211319_2.jpg 1376w, https:\/\/www.lalinda-kosmetik.de\/wp-content\/uploads\/2023\/01\/20200910_211319_2-300x223.jpg 300w, https:\/\/www.lalinda-kosmetik.de\/wp-content\/uploads\/2023\/01\/20200910_211319_2-1024x762.jpg 1024w, https:\/\/www.lalinda-kosmetik.de\/wp-content\/uploads\/2023\/01\/20200910_211319_2-768x572.jpg 768w\" sizes=\"auto, (max-width: 1376px) 100vw, 1376px\" \/><\/figure>\n\n\n\n<figure class=\"wp-block-image size-large\"><img loading=\"lazy\" decoding=\"async\" width=\"1024\" height=\"1022\" data-id=\"198\" src=\"https:\/\/www.lalinda-kosmetik.de\/wp-content\/uploads\/2023\/01\/Screenshot_20200926-081921_Photos-1024x1022.jpg\" alt=\"\" class=\"wp-image-198\" srcset=\"https:\/\/www.lalinda-kosmetik.de\/wp-content\/uploads\/2023\/01\/Screenshot_20200926-081921_Photos-1024x1022.jpg 1024w, https:\/\/www.lalinda-kosmetik.de\/wp-content\/uploads\/2023\/01\/Screenshot_20200926-081921_Photos-300x300.jpg 300w, https:\/\/www.lalinda-kosmetik.de\/wp-content\/uploads\/2023\/01\/Screenshot_20200926-081921_Photos-150x150.jpg 150w, https:\/\/www.lalinda-kosmetik.de\/wp-content\/uploads\/2023\/01\/Screenshot_20200926-081921_Photos-768x767.jpg 768w, https:\/\/www.lalinda-kosmetik.de\/wp-content\/uploads\/2023\/01\/Screenshot_20200926-081921_Photos.jpg 1026w\" sizes=\"auto, (max-width: 1024px) 100vw, 1024px\" \/><\/figure>\n\n\n\n<figure class=\"wp-block-image size-full\"><img loading=\"lazy\" decoding=\"async\" width=\"1024\" height=\"1024\" data-id=\"189\" src=\"https:\/\/www.lalinda-kosmetik.de\/wp-content\/uploads\/2023\/01\/20200308_143448-COLLAGE.jpg\" alt=\"\" class=\"wp-image-189\" srcset=\"https:\/\/www.lalinda-kosmetik.de\/wp-content\/uploads\/2023\/01\/20200308_143448-COLLAGE.jpg 1024w, https:\/\/www.lalinda-kosmetik.de\/wp-content\/uploads\/2023\/01\/20200308_143448-COLLAGE-300x300.jpg 300w, https:\/\/www.lalinda-kosmetik.de\/wp-content\/uploads\/2023\/01\/20200308_143448-COLLAGE-150x150.jpg 150w, https:\/\/www.lalinda-kosmetik.de\/wp-content\/uploads\/2023\/01\/20200308_143448-COLLAGE-768x768.jpg 768w\" sizes=\"auto, (max-width: 1024px) 100vw, 1024px\" \/><\/figure>\n<\/figure>\n","protected":false},"excerpt":{"rendered":"<p>Ein traumhafter Schwung hebt die Wimpern an und l\u00e4sst sie viel l\u00e4nger wirken: Mit dem Wimpernlifting&nbsp;bleiben die Wimpern mit nur einer Behandlung f\u00fcr 6 &#8211; 8 Wochen in Form. Eine Wimpernzange oder m\u00fchsames Hochtuschen der Wimpern ist nicht mehr n\u00f6tig! Ob die Wimpern steil nach oben&nbsp;oder&nbsp;eher sanft nat\u00fcrlich&nbsp;angehoben werden sollen, bestimmt die Gr\u00f6\u00dfe der PADS. <a class=\"read-more\" href=\"https:\/\/www.lalinda-kosmetik.de\/index.php\/wimpernlifting\/\">READ MORE<\/a><\/p>\n","protected":false},"author":1,"featured_media":0,"parent":0,"menu_order":0,"comment_status":"closed","ping_status":"closed","template":"","meta":{"footnotes":""},"class_list":["post-116","page","type-page","status-publish","hentry"],"_links":{"self":[{"href":"https:\/\/www.lalinda-kosmetik.de\/index.php\/wp-json\/wp\/v2\/pages\/116","targetHints":{"allow":["GET"]}}],"collection":[{"href":"https:\/\/www.lalinda-kosmetik.de\/index.php\/wp-json\/wp\/v2\/pages"}],"about":[{"href":"https:\/\/www.lalinda-kosmetik.de\/index.php\/wp-json\/wp\/v2\/types\/page"}],"author":[{"embeddable":true,"href":"https:\/\/www.lalinda-kosmetik.de\/index.php\/wp-json\/wp\/v2\/users\/1"}],"replies":[{"embeddable":true,"href":"https:\/\/www.lalinda-kosmetik.de\/index.php\/wp-json\/wp\/v2\/comments?post=116"}],"version-history":[{"count":8,"href":"https:\/\/www.lalinda-kosmetik.de\/index.php\/wp-json\/wp\/v2\/pages\/116\/revisions"}],"predecessor-version":[{"id":365,"href":"https:\/\/www.lalinda-kosmetik.de\/index.php\/wp-json\/wp\/v2\/pages\/116\/revisions\/365"}],"wp:attachment":[{"href":"https:\/\/www.lalinda-kosmetik.de\/index.php\/wp-json\/wp\/v2\/media?parent=116"}],"curies":[{"name":"wp","href":"https:\/\/api.w.org\/{rel}","templated":true}]}}